is divided by 2667662?
35
Calculate the remainder when 3419537 is divided by 41199.
20
What is the remainder when 136534 is divided by 19478?
188
Calculate the remainder when 10731 is divided by 10351.
380
Calculate the remainder when 96744151 is divided by 83.
15
What is the remainder when 17294189 is divided by 3153?
3137
Calculate the remainder when 1255925 is divided by 179400.
125
What is the remainder when 193730665 is divided by 829?
826
Calculate the remainder when 255047 is divided by 84547.
1406
Calculate the remainder when 6033523 is divided by 1111.
793
Calculate the remainder when 3781927 is divided by 66.
61
What is the remainder when 9911 is divided by 1121?
943
Calculate the remainder when 6373163 is divided by 62.
59
Calculate the remainder when 68515 is divided by 5265.
70
What is the remainder when 46075085 is divided by 183?
77
Calculate the remainder when 25600 is divided by 25047.
553
What is the remainder when 4741334 is divided by 296?
6
What is the remainder when 268053 is divided by 133415?
1223
What is the remainder when 905437760 is divided by 462?
458
What is the remainder when 6549819 is divided by 16?
11
Calculate the remainder when 352555 is divided by 29374.
67
What is the remainder when 1084748 is divided by 45191?
164
Calculate the remainder when 85427 is divided by 9.
8
What is the remainder when 2766419 is divided by 1692?
1691
Calculate the remainder when 22898 is divided by 534.
470
What is the remainder when 137107 is divided by 6855?
7
What is the remainder when 1840253 is divided by 11365?
10488
What is the remainder when 116238 is divided by 385?
353
What is the remainder when 67500380 is divided by 238?
10
Calculate the remainder when 212439 is divided by 908.
875
What is the remainder when 5775 is divided by 771?
378
Calculate the remainder when 50880205 is divided by 1737.
1
What is the remainder when 115055980 is divided by 69?
67
What is the remainder when 1743987 is divided by 540?
327
What is the remainder when 258448 is divided by 64284?
1312
Calculate the remainder when 2097245 is divided by 190639.
216
What is the remainder when 3628497 is divided by 42?
33
Calculate the remainder when 1731211 is divided by 4192.
4107
What is the remainder when 1107723 is divided by 10967?
56
Calculate the remainder when 22242 is divided by 1663.
623
What is the remainder when 1114810 is divided by 371595?
25
Calculate the remainder when 300916931 is divided by 29.
26
What is the remainder when 8348 is divided by 551?
83
What is the remainder when 105633 is divided by 194?
97
Calculate the remainder when 6375185 is divided by 317.
315
Calculate the remainder when 93922 is divided by 93218.
704
What is the remainder when 91919 is divided by 323?
187
Calculate the remainder when 496074 is divided by 494117.
1957
What is the remainder when 218755818 is divided by 109377905?
8
Calculate the remainder when 45937 is divided by 15185.
382
What is the remainder when 272169 is divided by 1742?
417
What is the remainder when 5129 is divided by 140?
89
What is the remainder when 168501693 is divided by 66?
63
Calculate the remainder when 6723108 is divided by 88.
84
Calculate the remainder when 8526087 is divided by 53623.
30
What is the remainder when 1649123 is divided by 53193?
140
What is the remainder when 16447848 is divided by 4686?
4674
What is the remainder when 11816411 is divided by 535?
401
Calculate the remainder when 2457856 is divided by 1209.
1168
What is the remainder when 1498692 is divided by 297?
30
Calculate the remainder when 1525015336 is divided by 2959.
2957
What is the remainder when 476422 is divided by 3900?
622
What is the remainder when 296645859 is divided by 1307?
1297
Calculate the remainder when 244384 is divided by 1474.
1174
Calculate the remainder when 245206980 is divided by 5.
0
What is the remainder when 8926534 is divided by 18?
10
Calculate the remainder when 69682 is divided by 23020.
622
Calculate the remainder when 191123 is divided by 93912.
3299
What is the remainder when 880245 is divided by 48888?
261
Calculate the remainder when 629843 is divided by 314905.
33
Calculate the remainder when 509830 is divided by 127256.
806
Calculate the remainder when 68515181 is divided by 85.
81
Calculate the remainder when 1408780 is divided by 74146.
6
What is the remainder when 1983936 is divided by 180356?
20
Calculate the remainder when 29441557 is divided by 1635642.
1
Calculate the remainder when 6141297 is divided by 9235.
22
What is the remainder when 714611 is divided by 1175?
211
What is the remainder when 29767 is divided by 1427?
1227
Calculate the remainder when 425032 is divided by 343.
55
What is the remainder when 3793142 is divided by 96?
86
What is the remainder when 952897 is divided by 161?
99
Calculate the remainder when 51482 is divided by 12784.
346
What is the remainder when 5828877 is divided by 2386?
2265
What is the remainder when 11953099 is divided by 219?
79
Calculate the remainder when 93389 is divided by 559.
36
Calculate the remainder when 117346 is divided by 161.
138
Calculate the remainder when 39354014 is divided by 26236.
14
What is the remainder when 159322 is divided by 31827?
187
What is the remainder when 26952910 is divided by 72?
70
Calculate the remainder when 5405 is divided by 1425.
1130
Calculate the remainder when 811188 is divided by 1143.
801
What is the remainder when 1240863 is divided by 9?
6
What is the remainder when 19184 is divided by 6367?
83
Calculate the remainder when 23165 is divided by 3250.
415
What is the remainder when 162207274 is divided by 231?
229
What is the remainder when 268942 is divided by 388?
58
What is the remainder when 18527 is divided by 5767?
1226
What is the remainder when 313117 is divided by 4741?
211
What is the remainder when 83740957 is divided by 3306?
3283
What is the remainder when 176519 is divided by 80?
39
Calculate the remainder when 1689804 is divided by 5950.
4
Calculate the remainder when 23476512 is divided by 23.
21
What is the remainder when 2265382 is divided by 13898?
8
Calculate the remainder when 45845 is divided by 2165.
380
What is the remainder when 75575 is divided by 956?
51
What is the remainder when 112778 is divided by 99823?
12955
Calculate the remainder when 2757548 is divided by 255.
233
What is the remainder when 6767306 is divided by 1683?
1646
Calculate the remainder when 280523 is divided by 279678.
845
Calculate the remainder when 625403 is divided by 522.
47
Calculate the remainder when 44725 is divided by 13512.
4189
What is the remainder when 5832769 is divided by 1088?
1
What is the remainder when 42783 is divided by 21342?
99
Calculate the remainder when 3255466 is divided by 11.
5
What is the remainder when 256684 is divided by 36552?
820
What is the remainder when 2545060 is divided by 1993?
1992
What is the remainder when 3779335 is divided by 17?
14
What is the remainder when 1747987 is divided by 648?
331
Calculate the remainder when 82300820 is divided by 2351452.
0
Calculate the remainder when 150601 is divided by 150377.
224
What is the remainder when 42332 is divided by 13920?
572
What is the remainder when 65206 is divided by 566?
116
Calculate the remainder when 16288440 is divided by 6338.
6118
What is the remainder when 5416 is divided by 4886?
530
What is the remainder when 3211019 is divided by 2440?
2419
Calculate the remainder when 38389680 is divided by 907.
905
What is the remainder when 24510004 is divided by 53?
48
Calculate the remainder when 119422696 is divided by 11.
8
What is the remainder when 165972 is divided by 54621?
2109
Calculate the remainder when 511080 is divided by 51096.
120
What is the remainder when 867322370 is divided by 38?
34
What is the remainder when 102953 is divided by 597?
269
Calculate the remainder when 4493705 is divided by 53488.
713
What is the remainder when 1102592 is divided by 31502?
22
Calculate the remainder when 1899537 is divided by 379881.
132
What is the remainder when 599853 is divided by 529?
496
Calculate the remainder when 33771295 is divided by 251.
249
Calculate the remainder when 34548070 is divided by 682.
678
What is the remainder when 294788476 is divided by 2111?
2103
What is the re